{"id":332,"date":"2026-03-20T14:43:48","date_gmt":"2026-03-20T14:43:48","guid":{"rendered":"https:\/\/sevrana.com\/?page_id=332"},"modified":"2026-04-08T22:13:54","modified_gmt":"2026-04-08T22:13:54","slug":"lunivers-sevrana","status":"publish","type":"page","link":"https:\/\/sevrana.com\/index.php\/lunivers-sevrana\/","title":{"rendered":"l&#8217;Univers Sevrana"},"content":{"rendered":"\t\t<div data-elementor-type=\"wp-page\" data-elementor-id=\"332\" class=\"elementor elementor-332\" data-elementor-post-type=\"page\">\n\t\t\t\t<div class=\"elementor-element elementor-element-0d18d0a e-flex e-con-boxed e-con e-parent\" data-id=\"0d18d0a\" data-element_type=\"container\" data-e-type=\"container\">\n\t\t\t\t\t<div class=\"e-con-inner\">\n\t\t\t\t<div class=\"elementor-element elementor-element-291e05c elementor-widget elementor-widget-heading\" data-id=\"291e05c\" data-element_type=\"widget\" data-e-type=\"widget\" data-widget_type=\"heading.default\">\n\t\t\t\t\t<h2 class=\"elementor-heading-title elementor-size-default\">L'UNIVERS SEVRANA<\/h2>\t\t\t\t<\/div>\n\t\t\t\t\t<\/div>\n\t\t\t\t<\/div>\n\t\t<div class=\"elementor-element elementor-element-cad5d29 e-flex e-con-boxed e-con e-parent\" data-id=\"cad5d29\" data-element_type=\"container\" data-e-type=\"container\" data-settings=\"{&quot;background_background&quot;:&quot;classic&quot;}\">\n\t\t\t\t\t<div class=\"e-con-inner\">\n\t\t\t\t<div class=\"elementor-element elementor-element-32cc4a56 elementor-widget elementor-widget-heading\" data-id=\"32cc4a56\" data-element_type=\"widget\" data-e-type=\"widget\" data-widget_type=\"heading.default\">\n\t\t\t\t\t<h2 class=\"elementor-heading-title elementor-size-default\"><b>L'\u00e9l\u00e9gance dans chaque d\u00e9tail<\/b><\/h2>\t\t\t\t<\/div>\n\t\t\t\t\t<\/div>\n\t\t\t\t<\/div>\n\t\t<div class=\"elementor-element elementor-element-7f994c3f e-flex e-con-boxed e-con e-parent\" data-id=\"7f994c3f\" data-element_type=\"container\" data-e-type=\"container\">\n\t\t\t\t\t<div class=\"e-con-inner\">\n\t\t\t\t<div class=\"elementor-element elementor-element-44a0a9f5 elementor-widget elementor-widget-text-editor\" data-id=\"44a0a9f5\" data-element_type=\"widget\" data-e-type=\"widget\" data-widget_type=\"text-editor.default\">\n\t\t\t\t\t\t\t\t\t<p>Sevrana est n\u00e9e d\u2019un d\u00e9sir profond : celui de redonner \u00e0 la lumi\u00e8re une place essentielle, presque intime, dans nos espaces de vie.<br \/><br \/>\u00c0 une \u00e9poque o\u00f9 tout devient rapide, fonctionnel et \u00e9ph\u00e9m\u00e8re, Sevrana prend le contre-pied. La marque s\u2019inscrit dans une recherche de sens, de lenteur et de beaut\u00e9, en imaginant des objets capables de transformer l\u2019atmosph\u00e8re sans jamais l\u2019imposer.<br \/><br \/>La bougie devient alors bien plus qu\u2019un simple \u00e9l\u00e9ment d\u00e9coratif. Elle devient une pr\u00e9sence.<br \/><br \/>Chaque cr\u00e9ation est pens\u00e9e comme une pi\u00e8ce sculpturale. Les lignes sont travaill\u00e9es avec pr\u00e9cision, les formes \u00e9tudi\u00e9es pour capter la lumi\u00e8re, la refl\u00e9ter, la diffuser avec subtilit\u00e9. Rien n\u2019est laiss\u00e9 au hasard. Chaque courbe, chaque volume, chaque texture participe \u00e0 cr\u00e9er une harmonie visuelle et sensorielle.<br \/><br \/>Mais Sevrana ne s\u2019arr\u00eate pas \u00e0 l\u2019esth\u00e9tique.<br \/><br \/>La dimension olfactive est au c\u0153ur de chaque cr\u00e9ation. Les bougies diffusent des fragrances d\u00e9licates, pens\u00e9es pour accompagner les moments du quotidien, pour envelopper l\u2019espace d\u2019une signature discr\u00e8te, \u00e9l\u00e9gante et m\u00e9morable. Une pr\u00e9sence invisible, mais profond\u00e9ment ressentie.<br \/><br \/>Les pots en c\u00e9ramique prolongent cette vision. Con\u00e7us avec soin, ils sont pens\u00e9s pour durer, pour \u00e9voluer avec le temps et continuer d\u2019exister bien au-del\u00e0 de la flamme. M\u00eame une fois consum\u00e9e, la bougie laisse place \u00e0 un objet qui conserve et diffuse encore son parfum, s\u2019int\u00e9grant naturellement dans l\u2019espace comme une pi\u00e8ce d\u00e9corative \u00e0 part enti\u00e8re.<br \/><br \/>Sevrana s\u2019inscrit ainsi dans une approche durable et sensible de l\u2019objet. Rien n\u2019est \u00e9ph\u00e9m\u00e8re. Chaque cr\u00e9ation est pens\u00e9e pour accompagner, habiter, et transformer les lieux dans lesquels elle s\u2019inscrit.<br \/><br \/>C\u2019est cette dualit\u00e9 entre design et \u00e9motion, entre mati\u00e8re et lumi\u00e8re, qui d\u00e9finit l\u2019essence m\u00eame de Sevrana.<br \/><br \/>Cr\u00e9er des objets qui ne se contentent pas d\u2019exister,<br \/>mais qui racontent quelque chose.<br \/>Qui apaisent, qui subliment, qui transforment.<br \/><br \/>Sevrana ne cr\u00e9e pas simplement des bougies.<br \/><br \/>Elle imagine des pr\u00e9sences.<br \/><br \/>Des objets silencieux, mais profond\u00e9ment expressifs,<br \/>capables de r\u00e9v\u00e9ler l\u2019atmosph\u00e8re d\u2019un lieu et d\u2019y inscrire une signature unique.<\/p>\t\t\t\t\t\t\t\t<\/div>\n\t\t\t\t\t<\/div>\n\t\t\t\t<\/div>\n\t\t\t\t<\/div>\n\t\t","protected":false},"excerpt":{"rendered":"<p>L&#8217;UNIVERS SEVRANA L&#8217;\u00e9l\u00e9gance dans chaque d\u00e9tail Sevrana est n\u00e9e d\u2019un d\u00e9sir profond : celui de redonner \u00e0 la lumi\u00e8re une place essentielle, presque intime, dans nos espaces de vie. \u00c0 une \u00e9poque o\u00f9 tout devient rapide, fonctionnel et \u00e9ph\u00e9m\u00e8re, Sevrana prend le contre-pied. La marque s\u2019inscrit dans une recherche de sens, de lenteur et de [&hellip;]<\/p>\n","protected":false},"author":1,"featured_media":0,"parent":0,"menu_order":0,"comment_status":"closed","ping_status":"closed","template":"","meta":{"footnotes":""},"class_list":["post-332","page","type-page","status-publish","hentry"],"jetpack_sharing_enabled":true,"_links":{"self":[{"href":"https:\/\/sevrana.com\/index.php\/wp-json\/wp\/v2\/pages\/332","targetHints":{"allow":["GET"]}}],"collection":[{"href":"https:\/\/sevrana.com\/index.php\/wp-json\/wp\/v2\/pages"}],"about":[{"href":"https:\/\/sevrana.com\/index.php\/wp-json\/wp\/v2\/types\/page"}],"author":[{"embeddable":true,"href":"https:\/\/sevrana.com\/index.php\/wp-json\/wp\/v2\/users\/1"}],"replies":[{"embeddable":true,"href":"https:\/\/sevrana.com\/index.php\/wp-json\/wp\/v2\/comments?post=332"}],"version-history":[{"count":10,"href":"https:\/\/sevrana.com\/index.php\/wp-json\/wp\/v2\/pages\/332\/revisions"}],"predecessor-version":[{"id":388,"href":"https:\/\/sevrana.com\/index.php\/wp-json\/wp\/v2\/pages\/332\/revisions\/388"}],"wp:attachment":[{"href":"https:\/\/sevrana.com\/index.php\/wp-json\/wp\/v2\/media?parent=332"}],"curies":[{"name":"wp","href":"https:\/\/api.w.org\/{rel}","templated":true}]}}