{"id":402,"date":"2026-04-08T23:24:40","date_gmt":"2026-04-08T23:24:40","guid":{"rendered":"https:\/\/sevrana.com\/?page_id=402"},"modified":"2026-04-09T17:24:49","modified_gmt":"2026-04-09T17:24:49","slug":"boutique","status":"publish","type":"page","link":"https:\/\/sevrana.com\/index.php\/boutique\/","title":{"rendered":"Boutique"},"content":{"rendered":"\t\t<div data-elementor-type=\"wp-page\" data-elementor-id=\"402\" class=\"elementor elementor-402\" data-elementor-post-type=\"page\">\n\t\t\t\t<div class=\"elementor-element elementor-element-8846281 e-flex e-con-boxed e-con e-parent\" data-id=\"8846281\" data-element_type=\"container\" data-e-type=\"container\">\n\t\t\t\t\t<div class=\"e-con-inner\">\n\t\t\t\t<div class=\"elementor-element elementor-element-6193d98 elementor-widget elementor-widget-heading\" data-id=\"6193d98\" data-element_type=\"widget\" data-e-type=\"widget\" data-widget_type=\"heading.default\">\n\t\t\t\t\t<h2 class=\"elementor-heading-title elementor-size-default\">BOUTIQUE<\/h2>\t\t\t\t<\/div>\n\t\t\t\t\t<\/div>\n\t\t\t\t<\/div>\n\t\t<div class=\"elementor-element elementor-element-0d93717 e-flex e-con-boxed e-con e-parent\" data-id=\"0d93717\" data-element_type=\"container\" data-e-type=\"container\">\n\t\t\t\t\t<div class=\"e-con-inner\">\n\t\t\t\t<div class=\"elementor-element elementor-element-826a670 elementor-widget elementor-widget-heading\" data-id=\"826a670\" data-element_type=\"widget\" data-e-type=\"widget\" data-widget_type=\"heading.default\">\n\t\t\t\t\t<h2 class=\"elementor-heading-title elementor-size-default\">Collection Sevrana<br><br>Bougies sculpturales parfum\u00e9es<\/h2>\t\t\t\t<\/div>\n\t\t\t\t<div class=\"elementor-element elementor-element-863a175 elementor-grid-3 elementor-product-loop-item--align-center elementor-grid-tablet-3 elementor-grid-mobile-2 elementor-products-grid elementor-wc-products elementor-show-pagination-border-yes elementor-widget elementor-widget-woocommerce-products\" data-id=\"863a175\" data-element_type=\"widget\" data-e-type=\"widget\" data-widget_type=\"woocommerce-products.default\">\n\t\t\t\t<div class=\"elementor-widget-container\">\n\t\t\t\t\t<div class=\"woocommerce columns-3 \"><div class=\"woocommerce-notices-wrapper\"><\/div><ul class=\"products elementor-grid columns-3\">\n<li class=\"product type-product post-380 status-publish first instock product_cat-uncategorized has-post-thumbnail shipping-taxable purchasable product-type-simple\">\n\t<a href=\"https:\/\/sevrana.com\/index.php\/product\/ivory-orchid\/\" class=\"woocommerce-LoopProduct-link woocommerce-loop-product__link\"><img fetchpriority=\"high\" decoding=\"async\" width=\"300\" height=\"300\" src=\"https:\/\/sevrana.com\/wp-content\/uploads\/2026\/04\/Chandelle-parfumee-et-accessoires-elegants-300x300.png\" class=\"attachment-woocommerce_thumbnail size-woocommerce_thumbnail\" alt=\"Ivory Orchid\" srcset=\"https:\/\/sevrana.com\/wp-content\/uploads\/2026\/04\/Chandelle-parfumee-et-accessoires-elegants-300x300.png 300w, https:\/\/sevrana.com\/wp-content\/uploads\/2026\/04\/Chandelle-parfumee-et-accessoires-elegants-150x150.png 150w, https:\/\/sevrana.com\/wp-content\/uploads\/2026\/04\/Chandelle-parfumee-et-accessoires-elegants-100x100.png 100w\" sizes=\"(max-width: 300px) 100vw, 300px\" \/><h2 class=\"woocommerce-loop-product__title\">Ivory Orchid<\/h2>\n\t<span class=\"price\"><span class=\"woocommerce-Price-amount amount\"><bdi>79,99&nbsp;<span class=\"woocommerce-Price-currencySymbol\">&euro;<\/span><\/bdi><\/span><\/span>\n<\/a><a href=\"\/index.php\/wp-json\/wp\/v2\/pages\/402?add-to-cart=380\" aria-describedby=\"woocommerce_loop_add_to_cart_link_describedby_380\" data-quantity=\"1\" class=\"button product_type_simple add_to_cart_button ajax_add_to_cart\" data-product_id=\"380\" data-product_sku=\"\" aria-label=\"Ajouter au panier\u00a0: &ldquo;Ivory Orchid&rdquo;\" rel=\"nofollow\" data-success_message=\"\u00ab\u00a0Ivory Orchid\u00a0\u00bb a \u00e9t\u00e9 ajout\u00e9 \u00e0 votre panier\" role=\"button\">Ajouter au panier<\/a>\t<span id=\"woocommerce_loop_add_to_cart_link_describedby_380\" class=\"screen-reader-text\">\n\t\t\t<\/span>\n<\/li>\n<li class=\"product type-product post-378 status-publish instock product_cat-uncategorized has-post-thumbnail shipping-taxable purchasable product-type-simple\">\n\t<a href=\"https:\/\/sevrana.com\/index.php\/product\/midnight-orchid\/\" class=\"woocommerce-LoopProduct-link woocommerce-loop-product__link\"><img decoding=\"async\" width=\"300\" height=\"300\" src=\"https:\/\/sevrana.com\/wp-content\/uploads\/2026\/04\/Bougie-noire-elegante-sur-coiffeuse-300x300.png\" class=\"attachment-woocommerce_thumbnail size-woocommerce_thumbnail\" alt=\"Midnight Orchid\" srcset=\"https:\/\/sevrana.com\/wp-content\/uploads\/2026\/04\/Bougie-noire-elegante-sur-coiffeuse-300x300.png 300w, https:\/\/sevrana.com\/wp-content\/uploads\/2026\/04\/Bougie-noire-elegante-sur-coiffeuse-150x150.png 150w, https:\/\/sevrana.com\/wp-content\/uploads\/2026\/04\/Bougie-noire-elegante-sur-coiffeuse-100x100.png 100w\" sizes=\"(max-width: 300px) 100vw, 300px\" \/><h2 class=\"woocommerce-loop-product__title\">Midnight Orchid<\/h2>\n\t<span class=\"price\"><span class=\"woocommerce-Price-amount amount\"><bdi>79,99&nbsp;<span class=\"woocommerce-Price-currencySymbol\">&euro;<\/span><\/bdi><\/span><\/span>\n<\/a><a href=\"\/index.php\/wp-json\/wp\/v2\/pages\/402?add-to-cart=378\" aria-describedby=\"woocommerce_loop_add_to_cart_link_describedby_378\" data-quantity=\"1\" class=\"button product_type_simple add_to_cart_button ajax_add_to_cart\" data-product_id=\"378\" data-product_sku=\"\" aria-label=\"Ajouter au panier\u00a0: &ldquo;Midnight Orchid&rdquo;\" rel=\"nofollow\" data-success_message=\"\u00ab\u00a0Midnight Orchid\u00a0\u00bb a \u00e9t\u00e9 ajout\u00e9 \u00e0 votre panier\" role=\"button\">Ajouter au panier<\/a>\t<span id=\"woocommerce_loop_add_to_cart_link_describedby_378\" class=\"screen-reader-text\">\n\t\t\t<\/span>\n<\/li>\n<li class=\"product type-product post-376 status-publish last instock product_cat-uncategorized has-post-thumbnail shipping-taxable purchasable product-type-simple\">\n\t<a href=\"https:\/\/sevrana.com\/index.php\/product\/plume-doree\/\" class=\"woocommerce-LoopProduct-link woocommerce-loop-product__link\"><img decoding=\"async\" width=\"300\" height=\"300\" src=\"https:\/\/sevrana.com\/wp-content\/uploads\/2026\/04\/ChatGPT-Image-8-avr.-2026-a-23_54_19-300x300.png\" class=\"attachment-woocommerce_thumbnail size-woocommerce_thumbnail\" alt=\"Plume Dor\u00e9e\" srcset=\"https:\/\/sevrana.com\/wp-content\/uploads\/2026\/04\/ChatGPT-Image-8-avr.-2026-a-23_54_19-300x300.png 300w, https:\/\/sevrana.com\/wp-content\/uploads\/2026\/04\/ChatGPT-Image-8-avr.-2026-a-23_54_19-150x150.png 150w, https:\/\/sevrana.com\/wp-content\/uploads\/2026\/04\/ChatGPT-Image-8-avr.-2026-a-23_54_19-100x100.png 100w\" sizes=\"(max-width: 300px) 100vw, 300px\" \/><h2 class=\"woocommerce-loop-product__title\">Plume Dor\u00e9e<\/h2>\n\t<span class=\"price\"><span class=\"woocommerce-Price-amount amount\"><bdi>59,99&nbsp;<span class=\"woocommerce-Price-currencySymbol\">&euro;<\/span><\/bdi><\/span><\/span>\n<\/a><a href=\"\/index.php\/wp-json\/wp\/v2\/pages\/402?add-to-cart=376\" aria-describedby=\"woocommerce_loop_add_to_cart_link_describedby_376\" data-quantity=\"1\" class=\"button product_type_simple add_to_cart_button ajax_add_to_cart\" data-product_id=\"376\" data-product_sku=\"\" aria-label=\"Ajouter au panier\u00a0: &ldquo;Plume Dor\u00e9e&rdquo;\" rel=\"nofollow\" data-success_message=\"\u00ab\u00a0Plume Dor\u00e9e\u00a0\u00bb a \u00e9t\u00e9 ajout\u00e9 \u00e0 votre panier\" role=\"button\">Ajouter au panier<\/a>\t<span id=\"woocommerce_loop_add_to_cart_link_describedby_376\" class=\"screen-reader-text\">\n\t\t\t<\/span>\n<\/li>\n<li class=\"product type-product post-374 status-publish first instock product_cat-uncategorized has-post-thumbnail shipping-taxable purchasable product-type-simple\">\n\t<a href=\"https:\/\/sevrana.com\/index.php\/product\/gold-dragonfly\/\" class=\"woocommerce-LoopProduct-link woocommerce-loop-product__link\"><img loading=\"lazy\" decoding=\"async\" width=\"300\" height=\"300\" src=\"https:\/\/sevrana.com\/wp-content\/uploads\/2026\/04\/WhatsApp-Image-2026-03-06-at-15.31.51-2-300x300.jpeg\" class=\"attachment-woocommerce_thumbnail size-woocommerce_thumbnail\" alt=\"Gold dragonfly\" srcset=\"https:\/\/sevrana.com\/wp-content\/uploads\/2026\/04\/WhatsApp-Image-2026-03-06-at-15.31.51-2-300x300.jpeg 300w, https:\/\/sevrana.com\/wp-content\/uploads\/2026\/04\/WhatsApp-Image-2026-03-06-at-15.31.51-2-150x150.jpeg 150w, https:\/\/sevrana.com\/wp-content\/uploads\/2026\/04\/WhatsApp-Image-2026-03-06-at-15.31.51-2-100x100.jpeg 100w\" sizes=\"(max-width: 300px) 100vw, 300px\" \/><h2 class=\"woocommerce-loop-product__title\">Gold dragonfly<\/h2>\n\t<span class=\"price\"><span class=\"woocommerce-Price-amount amount\"><bdi>49,99&nbsp;<span class=\"woocommerce-Price-currencySymbol\">&euro;<\/span><\/bdi><\/span><\/span>\n<\/a><a href=\"\/index.php\/wp-json\/wp\/v2\/pages\/402?add-to-cart=374\" aria-describedby=\"woocommerce_loop_add_to_cart_link_describedby_374\" data-quantity=\"1\" class=\"button product_type_simple add_to_cart_button ajax_add_to_cart\" data-product_id=\"374\" data-product_sku=\"\" aria-label=\"Ajouter au panier\u00a0: &ldquo;Gold dragonfly&rdquo;\" rel=\"nofollow\" data-success_message=\"\u00ab\u00a0Gold dragonfly\u00a0\u00bb a \u00e9t\u00e9 ajout\u00e9 \u00e0 votre panier\" role=\"button\">Ajouter au panier<\/a>\t<span id=\"woocommerce_loop_add_to_cart_link_describedby_374\" class=\"screen-reader-text\">\n\t\t\t<\/span>\n<\/li>\n<\/ul>\n<\/div>\t\t\t\t<\/div>\n\t\t\t\t<\/div>\n\t\t\t\t\t<\/div>\n\t\t\t\t<\/div>\n\t\t\t\t<\/div>\n\t\t","protected":false},"excerpt":{"rendered":"<p>BOUTIQUE Collection Sevrana Bougies sculpturales parfum\u00e9es<\/p>\n","protected":false},"author":1,"featured_media":0,"parent":0,"menu_order":0,"comment_status":"closed","ping_status":"closed","template":"","meta":{"footnotes":""},"class_list":["post-402","page","type-page","status-publish","hentry"],"jetpack_sharing_enabled":true,"_links":{"self":[{"href":"https:\/\/sevrana.com\/index.php\/wp-json\/wp\/v2\/pages\/402","targetHints":{"allow":["GET"]}}],"collection":[{"href":"https:\/\/sevrana.com\/index.php\/wp-json\/wp\/v2\/pages"}],"about":[{"href":"https:\/\/sevrana.com\/index.php\/wp-json\/wp\/v2\/types\/page"}],"author":[{"embeddable":true,"href":"https:\/\/sevrana.com\/index.php\/wp-json\/wp\/v2\/users\/1"}],"replies":[{"embeddable":true,"href":"https:\/\/sevrana.com\/index.php\/wp-json\/wp\/v2\/comments?post=402"}],"version-history":[{"count":7,"href":"https:\/\/sevrana.com\/index.php\/wp-json\/wp\/v2\/pages\/402\/revisions"}],"predecessor-version":[{"id":450,"href":"https:\/\/sevrana.com\/index.php\/wp-json\/wp\/v2\/pages\/402\/revisions\/450"}],"wp:attachment":[{"href":"https:\/\/sevrana.com\/index.php\/wp-json\/wp\/v2\/media?parent=402"}],"curies":[{"name":"wp","href":"https:\/\/api.w.org\/{rel}","templated":true}]}}