{"id":419,"date":"2026-04-08T23:55:07","date_gmt":"2026-04-08T23:55:07","guid":{"rendered":"https:\/\/sevrana.com\/?page_id=419"},"modified":"2026-04-09T17:54:00","modified_gmt":"2026-04-09T17:54:00","slug":"politique-de-confidentialites","status":"publish","type":"page","link":"https:\/\/sevrana.com\/index.php\/politique-de-confidentialites\/","title":{"rendered":"Politique de Confidentialit\u00e9s"},"content":{"rendered":"\t\t<div data-elementor-type=\"wp-page\" data-elementor-id=\"419\" class=\"elementor elementor-419\" data-elementor-post-type=\"page\">\n\t\t\t\t<div class=\"elementor-element elementor-element-236d7ef e-flex e-con-boxed e-con e-parent\" data-id=\"236d7ef\" data-element_type=\"container\" data-e-type=\"container\">\n\t\t\t\t\t<div class=\"e-con-inner\">\n\t\t\t\t<div class=\"elementor-element elementor-element-4faa488 elementor-widget elementor-widget-heading\" data-id=\"4faa488\" data-element_type=\"widget\" data-e-type=\"widget\" data-widget_type=\"heading.default\">\n\t\t\t\t\t<h2 class=\"elementor-heading-title elementor-size-default\">Politique de Confidentialit\u00e9<\/h2>\t\t\t\t<\/div>\n\t\t\t\t\t<\/div>\n\t\t\t\t<\/div>\n\t\t<div class=\"elementor-element elementor-element-ded9b14 e-flex e-con-boxed e-con e-parent\" data-id=\"ded9b14\" data-element_type=\"container\" data-e-type=\"container\">\n\t\t\t\t\t<div class=\"e-con-inner\">\n\t\t\t\t<div class=\"elementor-element elementor-element-456e195 elementor-widget elementor-widget-text-editor\" data-id=\"456e195\" data-element_type=\"widget\" data-e-type=\"widget\" data-widget_type=\"text-editor.default\">\n\t\t\t\t\t\t\t\t\t<h1 data-section-id=\"17p2tv7\" data-start=\"3057\" data-end=\"3096\"><span style=\"text-align: var(--text-align); font-size: 1rem;\">Sevrana accorde une importance particuli\u00e8re \u00e0 la protection des donn\u00e9es personnelles.<\/span><\/h1><h3 data-section-id=\"3ih3mb\" data-start=\"3218\" data-end=\"3242\">Donn\u00e9es collect\u00e9es<\/h3><p data-start=\"3243\" data-end=\"3288\">Les informations collect\u00e9es peuvent inclure :<\/p><p>nom<\/p><p>adresse email<\/p><p>adresse de livraison<\/p><p>informations de commande<\/p><p data-start=\"3370\" data-end=\"3450\">Ces donn\u00e9es sont utilis\u00e9es uniquement dans le cadre du traitement des commandes.<\/p><h3 data-section-id=\"1nc2zab\" data-start=\"3452\" data-end=\"3481\">Utilisation des donn\u00e9es<\/h3><p data-start=\"3482\" data-end=\"3515\">Les donn\u00e9es sont utilis\u00e9es pour :<\/p><p>traiter les commandes<\/p><p>assurer la livraison<\/p><p>r\u00e9pondre aux demandes clients<\/p><p>am\u00e9liorer l\u2019exp\u00e9rience utilisateur<\/p><p data-start=\"3641\" data-end=\"3696\">Sevrana ne vend ni ne partage les donn\u00e9es personnelles.<\/p><h3 data-section-id=\"eg986l\" data-start=\"3698\" data-end=\"3728\">Conservation des donn\u00e9es<\/h3><p data-start=\"3729\" data-end=\"3821\">Les donn\u00e9es sont conserv\u00e9es uniquement pour la dur\u00e9e n\u00e9cessaire au traitement des commandes.<\/p><h3 data-section-id=\"1bq2iya\" data-start=\"3823\" data-end=\"3852\">Droits de l&#8217;utilisateur<\/h3><p data-start=\"3853\" data-end=\"3909\">Conform\u00e9ment \u00e0 la r\u00e9glementation, vous pouvez demander :<\/p><p>l&#8217;acc\u00e8s \u00e0 vos donn\u00e9es<\/p><p>la modification<\/p><p>la suppression<\/p><p data-start=\"3976\" data-end=\"4018\">Pour toute demande :<br data-start=\"3996\" data-end=\"3999\" \/><a class=\"decorated-link cursor-pointer\" rel=\"noopener\" data-start=\"3999\" data-end=\"4018\">contact@sevrana.com<\/a><\/p><h3 data-section-id=\"1h4n3g1\" data-start=\"4020\" data-end=\"4033\">Cookies<\/h3><p data-start=\"4034\" data-end=\"4159\">Le site peut utiliser des cookies afin d&#8217;am\u00e9liorer l&#8217;exp\u00e9rience utilisateur. Vous pouvez les d\u00e9sactiver via votre navigateur.<\/p>\t\t\t\t\t\t\t\t<\/div>\n\t\t\t\t\t<\/div>\n\t\t\t\t<\/div>\n\t\t\t\t<\/div>\n\t\t","protected":false},"excerpt":{"rendered":"<p>Politique de Confidentialit\u00e9 Sevrana accorde une importance particuli\u00e8re \u00e0 la protection des donn\u00e9es personnelles. Donn\u00e9es collect\u00e9es Les informations collect\u00e9es peuvent inclure : nom adresse email adresse de livraison informations de commande Ces donn\u00e9es sont utilis\u00e9es uniquement dans le cadre du traitement des commandes. Utilisation des donn\u00e9es Les donn\u00e9es sont utilis\u00e9es pour : traiter les commandes [&hellip;]<\/p>\n","protected":false},"author":1,"featured_media":0,"parent":0,"menu_order":0,"comment_status":"closed","ping_status":"closed","template":"","meta":{"footnotes":""},"class_list":["post-419","page","type-page","status-publish","hentry"],"jetpack_sharing_enabled":true,"_links":{"self":[{"href":"https:\/\/sevrana.com\/index.php\/wp-json\/wp\/v2\/pages\/419","targetHints":{"allow":["GET"]}}],"collection":[{"href":"https:\/\/sevrana.com\/index.php\/wp-json\/wp\/v2\/pages"}],"about":[{"href":"https:\/\/sevrana.com\/index.php\/wp-json\/wp\/v2\/types\/page"}],"author":[{"embeddable":true,"href":"https:\/\/sevrana.com\/index.php\/wp-json\/wp\/v2\/users\/1"}],"replies":[{"embeddable":true,"href":"https:\/\/sevrana.com\/index.php\/wp-json\/wp\/v2\/comments?post=419"}],"version-history":[{"count":7,"href":"https:\/\/sevrana.com\/index.php\/wp-json\/wp\/v2\/pages\/419\/revisions"}],"predecessor-version":[{"id":465,"href":"https:\/\/sevrana.com\/index.php\/wp-json\/wp\/v2\/pages\/419\/revisions\/465"}],"wp:attachment":[{"href":"https:\/\/sevrana.com\/index.php\/wp-json\/wp\/v2\/media?parent=419"}],"curies":[{"name":"wp","href":"https:\/\/api.w.org\/{rel}","templated":true}]}}