{"id":424,"date":"2026-04-08T23:58:57","date_gmt":"2026-04-08T23:58:57","guid":{"rendered":"https:\/\/sevrana.com\/?page_id=424"},"modified":"2026-04-09T00:00:16","modified_gmt":"2026-04-09T00:00:16","slug":"contact","status":"publish","type":"page","link":"https:\/\/sevrana.com\/index.php\/contact\/","title":{"rendered":"Contact"},"content":{"rendered":"\t\t<div data-elementor-type=\"wp-page\" data-elementor-id=\"424\" class=\"elementor elementor-424\" data-elementor-post-type=\"page\">\n\t\t\t\t<div class=\"elementor-element elementor-element-91b9596 e-flex e-con-boxed e-con e-parent\" data-id=\"91b9596\" data-element_type=\"container\" data-e-type=\"container\">\n\t\t\t\t\t<div class=\"e-con-inner\">\n\t\t\t\t<div class=\"elementor-element elementor-element-a271a8f elementor-widget elementor-widget-heading\" data-id=\"a271a8f\" data-element_type=\"widget\" data-e-type=\"widget\" data-widget_type=\"heading.default\">\n\t\t\t\t\t<h2 class=\"elementor-heading-title elementor-size-default\">Contact<\/h2>\t\t\t\t<\/div>\n\t\t\t\t\t<\/div>\n\t\t\t\t<\/div>\n\t\t<div class=\"elementor-element elementor-element-6aaf021 e-flex e-con-boxed e-con e-parent\" data-id=\"6aaf021\" data-element_type=\"container\" data-e-type=\"container\">\n\t\t\t\t\t<div class=\"e-con-inner\">\n\t\t\t\t<div class=\"elementor-element elementor-element-797ee04 elementor-widget elementor-widget-text-editor\" data-id=\"797ee04\" data-element_type=\"widget\" data-e-type=\"widget\" data-widget_type=\"text-editor.default\">\n\t\t\t\t\t\t\t\t\t<p data-start=\"4198\" data-end=\"4261\">Pour toute demande d&#8217;information, Sevrana reste \u00e0 votre \u00e9coute.<\/p><p data-start=\"4263\" data-end=\"4290\">Email<br data-start=\"4268\" data-end=\"4271\" \/><a class=\"decorated-link cursor-pointer\" rel=\"noopener\" data-start=\"4271\" data-end=\"4290\">contact@sevrana.com<\/a><\/p><p data-start=\"4292\" data-end=\"4312\">Instagram<br data-start=\"4301\" data-end=\"4304\" \/>@sevrana<\/p><p data-start=\"4314\" data-end=\"4369\">Nous r\u00e9pondons dans un d\u00e9lai de 24 \u00e0 48 heures ouvr\u00e9es.<\/p>\t\t\t\t\t\t\t\t<\/div>\n\t\t\t\t\t<\/div>\n\t\t\t\t<\/div>\n\t\t\t\t<\/div>\n\t\t","protected":false},"excerpt":{"rendered":"<p>Contact Pour toute demande d&#8217;information, Sevrana reste \u00e0 votre \u00e9coute. Emailcontact@sevrana.com Instagram@sevrana Nous r\u00e9pondons dans un d\u00e9lai de 24 \u00e0 48 heures ouvr\u00e9es.<\/p>\n","protected":false},"author":1,"featured_media":0,"parent":0,"menu_order":0,"comment_status":"closed","ping_status":"closed","template":"","meta":{"footnotes":""},"class_list":["post-424","page","type-page","status-publish","hentry"],"jetpack_sharing_enabled":true,"_links":{"self":[{"href":"https:\/\/sevrana.com\/index.php\/wp-json\/wp\/v2\/pages\/424","targetHints":{"allow":["GET"]}}],"collection":[{"href":"https:\/\/sevrana.com\/index.php\/wp-json\/wp\/v2\/pages"}],"about":[{"href":"https:\/\/sevrana.com\/index.php\/wp-json\/wp\/v2\/types\/page"}],"author":[{"embeddable":true,"href":"https:\/\/sevrana.com\/index.php\/wp-json\/wp\/v2\/users\/1"}],"replies":[{"embeddable":true,"href":"https:\/\/sevrana.com\/index.php\/wp-json\/wp\/v2\/comments?post=424"}],"version-history":[{"count":7,"href":"https:\/\/sevrana.com\/index.php\/wp-json\/wp\/v2\/pages\/424\/revisions"}],"predecessor-version":[{"id":431,"href":"https:\/\/sevrana.com\/index.php\/wp-json\/wp\/v2\/pages\/424\/revisions\/431"}],"wp:attachment":[{"href":"https:\/\/sevrana.com\/index.php\/wp-json\/wp\/v2\/media?parent=424"}],"curies":[{"name":"wp","href":"https:\/\/api.w.org\/{rel}","templated":true}]}}