{"id":374,"date":"2026-04-08T21:51:50","date_gmt":"2026-04-08T21:51:50","guid":{"rendered":"https:\/\/sevrana.com\/?post_type=product&#038;p=374"},"modified":"2026-04-08T21:52:46","modified_gmt":"2026-04-08T21:52:46","slug":"gold-dragonfly","status":"publish","type":"product","link":"https:\/\/sevrana.com\/index.php\/product\/gold-dragonfly\/","title":{"rendered":"Gold dragonfly"},"content":{"rendered":"<p><img fetchpriority=\"high\" decoding=\"async\" class=\"alignnone size-medium wp-image-375\" src=\"http:\/\/sevrana.com\/wp-content\/uploads\/2026\/04\/WhatsApp-Image-2026-03-06-at-15.31.51-2-225x300.jpeg\" alt=\"\" width=\"225\" height=\"300\" srcset=\"https:\/\/sevrana.com\/wp-content\/uploads\/2026\/04\/WhatsApp-Image-2026-03-06-at-15.31.51-2-225x300.jpeg 225w, https:\/\/sevrana.com\/wp-content\/uploads\/2026\/04\/WhatsApp-Image-2026-03-06-at-15.31.51-2-768x1024.jpeg 768w, https:\/\/sevrana.com\/wp-content\/uploads\/2026\/04\/WhatsApp-Image-2026-03-06-at-15.31.51-2-1152x1536.jpeg 1152w, https:\/\/sevrana.com\/wp-content\/uploads\/2026\/04\/WhatsApp-Image-2026-03-06-at-15.31.51-2-600x800.jpeg 600w, https:\/\/sevrana.com\/wp-content\/uploads\/2026\/04\/WhatsApp-Image-2026-03-06-at-15.31.51-2.jpeg 1200w\" sizes=\"(max-width: 225px) 100vw, 225px\" \/><\/p>\n","protected":false},"excerpt":{"rendered":"<p style=\"text-align: left;\">Bougie \u00e9l\u00e9gante en pot blanc textur\u00e9, sublim\u00e9e par un couvercle orn\u00e9 d\u2019une d\u00e9licate dragonfly dor\u00e9e. Une cr\u00e9ation raffin\u00e9e qui parfume subtilement votre int\u00e9rieur tout en apportant une touche d\u00e9corative luxueuse. Le pot en c\u00e9ramique est \u00e9galement parfum\u00e9, prolongeant l\u2019exp\u00e9rience olfactive m\u00eame apr\u00e8s la combustion de la bougie.<\/p>\n","protected":false},"featured_media":375,"comment_status":"open","ping_status":"closed","template":"","meta":[],"product_brand":[],"product_cat":[21],"product_tag":[],"class_list":{"0":"post-374","1":"product","2":"type-product","3":"status-publish","4":"has-post-thumbnail","6":"product_cat-uncategorized","8":"first","9":"instock","10":"shipping-taxable","11":"purchasable","12":"product-type-simple"},"jetpack_sharing_enabled":true,"_links":{"self":[{"href":"https:\/\/sevrana.com\/index.php\/wp-json\/wp\/v2\/product\/374","targetHints":{"allow":["GET"]}}],"collection":[{"href":"https:\/\/sevrana.com\/index.php\/wp-json\/wp\/v2\/product"}],"about":[{"href":"https:\/\/sevrana.com\/index.php\/wp-json\/wp\/v2\/types\/product"}],"replies":[{"embeddable":true,"href":"https:\/\/sevrana.com\/index.php\/wp-json\/wp\/v2\/comments?post=374"}],"wp:featuredmedia":[{"embeddable":true,"href":"https:\/\/sevrana.com\/index.php\/wp-json\/wp\/v2\/media\/375"}],"wp:attachment":[{"href":"https:\/\/sevrana.com\/index.php\/wp-json\/wp\/v2\/media?parent=374"}],"wp:term":[{"taxonomy":"product_brand","embeddable":true,"href":"https:\/\/sevrana.com\/index.php\/wp-json\/wp\/v2\/product_brand?post=374"},{"taxonomy":"product_cat","embeddable":true,"href":"https:\/\/sevrana.com\/index.php\/wp-json\/wp\/v2\/product_cat?post=374"},{"taxonomy":"product_tag","embeddable":true,"href":"https:\/\/sevrana.com\/index.php\/wp-json\/wp\/v2\/product_tag?post=374"}],"curies":[{"name":"wp","href":"https:\/\/api.w.org\/{rel}","templated":true}]}}